{"id":12463,"date":"2023-02-23T16:28:35","date_gmt":"2023-02-23T15:28:35","guid":{"rendered":"http:\/\/cliniquedutilleul.vet\/?page_id=12463"},"modified":"2025-01-27T17:26:57","modified_gmt":"2025-01-27T16:26:57","slug":"prescription-et-delivrance-de-medicaments-veterinaires","status":"publish","type":"page","link":"https:\/\/cliniquedutilleul.vet\/index.php\/prescription-et-delivrance-de-medicaments-veterinaires\/","title":{"rendered":"prescription et d\u00e9livrance de m\u00e9dicaments v\u00e9t\u00e9rinaires"},"content":{"rendered":"\t\t<div data-elementor-type=\"wp-page\" data-elementor-id=\"12463\" class=\"elementor elementor-12463\">\n\t\t\t\t\t\t\t\t\t<section class=\"elementor-section elementor-top-section elementor-element elementor-element-83c851f elementor-section-boxed elementor-section-height-default elementor-section-height-default\" data-id=\"83c851f\" data-element_type=\"section\">\n\t\t\t\t\t\t<div class=\"elementor-container elementor-column-gap-default\">\n\t\t\t\t\t<div class=\"elementor-column elementor-col-100 elementor-top-column elementor-element elementor-element-1f2b9c1\" data-id=\"1f2b9c1\" data-element_type=\"column\">\n\t\t\t<div class=\"elementor-widget-wrap elementor-element-populated\">\n\t\t\t\t\t\t\t\t<div class=\"elementor-element elementor-element-85457d5 elementor-widget elementor-widget-heading\" data-id=\"85457d5\" data-element_type=\"widget\" data-widget_type=\"heading.default\">\n\t\t\t\t<div class=\"elementor-widget-container\">\n\t\t\t<style>\/*! elementor - v3.12.1 - 02-04-2023 *\/\n.elementor-heading-title{padding:0;margin:0;line-height:1}.elementor-widget-heading .elementor-heading-title[class*=elementor-size-]>a{color:inherit;font-size:inherit;line-height:inherit}.elementor-widget-heading .elementor-heading-title.elementor-size-small{font-size:15px}.elementor-widget-heading .elementor-heading-title.elementor-size-medium{font-size:19px}.elementor-widget-heading .elementor-heading-title.elementor-size-large{font-size:29px}.elementor-widget-heading .elementor-heading-title.elementor-size-xl{font-size:39px}.elementor-widget-heading .elementor-heading-title.elementor-size-xxl{font-size:59px}<\/style><h2 class=\"elementor-heading-title elementor-size-default\">Delivrance et prescriptions de medicaments v\u00e9t\u00e9rinaire<\/h2>\t\t<\/div>\n\t\t\t\t<\/div>\n\t\t\t\t\t<\/div>\n\t\t<\/div>\n\t\t\t\t\t\t\t<\/div>\n\t\t<\/section>\n\t\t\t\t<section class=\"elementor-section elementor-top-section elementor-element elementor-element-8bacd21 elementor-section-boxed elementor-section-height-default elementor-section-height-default\" data-id=\"8bacd21\" data-element_type=\"section\">\n\t\t\t\t\t\t<div class=\"elementor-container elementor-column-gap-default\">\n\t\t\t\t\t<div class=\"elementor-column elementor-col-100 elementor-top-column elementor-element elementor-element-4f879b8\" data-id=\"4f879b8\" data-element_type=\"column\">\n\t\t\t<div class=\"elementor-widget-wrap elementor-element-populated\">\n\t\t\t\t\t\t\t\t<div class=\"elementor-element elementor-element-c5f01d0 elementor-widget elementor-widget-image\" data-id=\"c5f01d0\" data-element_type=\"widget\" data-widget_type=\"image.default\">\n\t\t\t\t<div class=\"elementor-widget-container\">\n\t\t\t<style>\/*! elementor - v3.12.1 - 02-04-2023 *\/\n.elementor-widget-image{text-align:center}.elementor-widget-image a{display:inline-block}.elementor-widget-image a img[src$=\".svg\"]{width:48px}.elementor-widget-image img{vertical-align:middle;display:inline-block}<\/style>\t\t\t\t\t\t\t\t\t\t\t\t<img loading=\"lazy\" decoding=\"async\" width=\"768\" height=\"512\" src=\"https:\/\/cliniquedutilleul.vet\/wp-content\/uploads\/2024\/06\/cat-4988407_960_720-768x512.jpg\" class=\"attachment-medium_large size-medium_large wp-image-13023\" alt=\"\" srcset=\"https:\/\/cliniquedutilleul.vet\/wp-content\/uploads\/2024\/06\/cat-4988407_960_720-768x512.jpg 768w, https:\/\/cliniquedutilleul.vet\/wp-content\/uploads\/2024\/06\/cat-4988407_960_720-300x200.jpg 300w, https:\/\/cliniquedutilleul.vet\/wp-content\/uploads\/2024\/06\/cat-4988407_960_720-600x400.jpg 600w, https:\/\/cliniquedutilleul.vet\/wp-content\/uploads\/2024\/06\/cat-4988407_960_720.jpg 960w\" sizes=\"auto, (max-width: 768px) 100vw, 768px\" \/>\t\t\t\t\t\t\t\t\t\t\t\t\t\t\t<\/div>\n\t\t\t\t<\/div>\n\t\t\t\t\t<\/div>\n\t\t<\/div>\n\t\t\t\t\t\t\t<\/div>\n\t\t<\/section>\n\t\t\t\t<section class=\"elementor-section elementor-top-section elementor-element elementor-element-b9453c0 elementor-section-boxed elementor-section-height-default elementor-section-height-default\" data-id=\"b9453c0\" data-element_type=\"section\">\n\t\t\t\t\t\t<div class=\"elementor-container elementor-column-gap-default\">\n\t\t\t\t\t<div class=\"elementor-column elementor-col-100 elementor-top-column elementor-element elementor-element-837cfb7\" data-id=\"837cfb7\" data-element_type=\"column\">\n\t\t\t<div class=\"elementor-widget-wrap elementor-element-populated\">\n\t\t\t\t\t\t\t\t<div class=\"elementor-element elementor-element-474329a elementor-widget elementor-widget-text-editor\" data-id=\"474329a\" data-element_type=\"widget\" data-widget_type=\"text-editor.default\">\n\t\t\t\t<div class=\"elementor-widget-container\">\n\t\t\t<style>\/*! elementor - v3.12.1 - 02-04-2023 *\/\n.elementor-widget-text-editor.elementor-drop-cap-view-stacked .elementor-drop-cap{background-color:#69727d;color:#fff}.elementor-widget-text-editor.elementor-drop-cap-view-framed .elementor-drop-cap{color:#69727d;border:3px solid;background-color:transparent}.elementor-widget-text-editor:not(.elementor-drop-cap-view-default) .elementor-drop-cap{margin-top:8px}.elementor-widget-text-editor:not(.elementor-drop-cap-view-default) .elementor-drop-cap-letter{width:1em;height:1em}.elementor-widget-text-editor .elementor-drop-cap{float:left;text-align:center;line-height:1;font-size:50px}.elementor-widget-text-editor .elementor-drop-cap-letter{display:inline-block}<\/style>\t\t\t\t<p><strong>Pourquoi une ordonnance est-elle obligatoire pour les m\u00e9dicaments v\u00e9t\u00e9rinaires ?<\/strong><\/p><p>En France, la prescription de m\u00e9dicaments v\u00e9t\u00e9rinaires est strictement encadr\u00e9e par la loi pour garantir la s\u00e9curit\u00e9 et le bien-\u00eatre des animaux, ainsi que pour prot\u00e9ger la sant\u00e9 publique. Un v\u00e9t\u00e9rinaire ne peut prescrire ou d\u00e9livrer un m\u00e9dicament qu\u2019apr\u00e8s avoir examin\u00e9 l\u2019animal ou s\u2019\u00eatre assur\u00e9 qu\u2019il conna\u00eet suffisamment son \u00e9tat de sant\u00e9.<\/p><p>De plus, une clinique v\u00e9t\u00e9rinaire est une <strong>officine ferm\u00e9e<\/strong>, ce qui signifie que seuls les m\u00e9dicaments prescrits par les v\u00e9t\u00e9rinaires de l\u2019\u00e9tablissement peuvent y \u00eatre d\u00e9livr\u00e9s, et uniquement pour les animaux qu\u2019ils ont eux-m\u00eames examin\u00e9s. Contrairement aux pharmacies ouvertes au public, les cliniques v\u00e9t\u00e9rinaires ne peuvent d\u00e9livrer des m\u00e9dicaments prescrits par d\u2019autres v\u00e9t\u00e9rinaires.<\/p><h3>Pourquoi ces r\u00e8gles ?<\/h3><ol><li><strong>S\u00e9curit\u00e9 de l&rsquo;animal<\/strong> : Certains m\u00e9dicaments peuvent \u00eatre dangereux ou mal utilis\u00e9s s\u2019ils ne sont pas adapt\u00e9s \u00e0 l\u2019animal ou \u00e0 son \u00e9tat de sant\u00e9. Seul un examen clinique permet de d\u00e9terminer le traitement appropri\u00e9.<\/li><li><strong>Lutte contre les r\u00e9sistances antimicrobiennes<\/strong> : L\u2019utilisation abusive de m\u00e9dicaments, notamment des antibiotiques, peut entra\u00eener des r\u00e9sistances, ce qui repr\u00e9sente un enjeu majeur de sant\u00e9 publique.<\/li><li><strong>Encadrement l\u00e9gal<\/strong> : La d\u00e9livrance de m\u00e9dicaments sans ordonnance ou pour un animal que le v\u00e9t\u00e9rinaire n\u2019a jamais vu est ill\u00e9gale et peut avoir des cons\u00e9quences graves pour la sant\u00e9 de l\u2019animal.<\/li><\/ol><p>En r\u00e9sum\u00e9, ces dispositions assurent une prise en charge adapt\u00e9e, s\u00e9curis\u00e9e et respectueuse de la r\u00e9glementation en vigueur. Pour toute question ou pour un rendez-vous, contactez-nous : nous sommes l\u00e0 pour vous conseiller et garantir la sant\u00e9 de vos compagnons.<\/p>\t\t\t\t\t\t<\/div>\n\t\t\t\t<\/div>\n\t\t\t\t\t<\/div>\n\t\t<\/div>\n\t\t\t\t\t\t\t<\/div>\n\t\t<\/section>\n\t\t\t\t\t\t\t<\/div>\n\t\t","protected":false},"excerpt":{"rendered":"<p>Delivrance et prescriptions de medicaments v\u00e9t\u00e9rinaire Pourquoi une ordonnance est-elle obligatoire pour les m\u00e9dicaments v\u00e9t\u00e9rinaires ? En France, la prescription de m\u00e9dicaments v\u00e9t\u00e9rinaires est strictement encadr\u00e9e par la loi pour garantir la s\u00e9curit\u00e9 et le bien-\u00eatre des animaux, ainsi que pour prot\u00e9ger la sant\u00e9 publique. Un v\u00e9t\u00e9rinaire ne peut prescrire ou d\u00e9livrer un m\u00e9dicament qu\u2019apr\u00e8s&#8230;<\/p>\n","protected":false},"author":2,"featured_media":0,"parent":0,"menu_order":0,"comment_status":"closed","ping_status":"closed","template":"","meta":{"_tbt_post_transparent":"","_tbt_post_title":"hide","_tbt_post_layout":"fullwidth","_tbt_post_sidebar_id":"","_tbt_post_content_style":"unboxed","_tbt_post_vertical_padding":"hide","_tbt_post_feature":"hide","_tbt_post_feature_position":"","_tbt_post_header":false,"_tbt_post_footer":false},"class_list":["post-12463","page","type-page","status-publish","hentry"],"_links":{"self":[{"href":"https:\/\/cliniquedutilleul.vet\/index.php\/wp-json\/wp\/v2\/pages\/12463","targetHints":{"allow":["GET"]}}],"collection":[{"href":"https:\/\/cliniquedutilleul.vet\/index.php\/wp-json\/wp\/v2\/pages"}],"about":[{"href":"https:\/\/cliniquedutilleul.vet\/index.php\/wp-json\/wp\/v2\/types\/page"}],"author":[{"embeddable":true,"href":"https:\/\/cliniquedutilleul.vet\/index.php\/wp-json\/wp\/v2\/users\/2"}],"replies":[{"embeddable":true,"href":"https:\/\/cliniquedutilleul.vet\/index.php\/wp-json\/wp\/v2\/comments?post=12463"}],"version-history":[{"count":11,"href":"https:\/\/cliniquedutilleul.vet\/index.php\/wp-json\/wp\/v2\/pages\/12463\/revisions"}],"predecessor-version":[{"id":13076,"href":"https:\/\/cliniquedutilleul.vet\/index.php\/wp-json\/wp\/v2\/pages\/12463\/revisions\/13076"}],"wp:attachment":[{"href":"https:\/\/cliniquedutilleul.vet\/index.php\/wp-json\/wp\/v2\/media?parent=12463"}],"curies":[{"name":"wp","href":"https:\/\/api.w.org\/{rel}","templated":true}]}}